244
In base 13, what is -8 - -3ba5?
3b9a
In base 10, what is -567 - 270?
-837
In base 7, what is 1345 + 244?
1622
In base 2, what is 0 + -100000100100011?
-100000100100011
In base 16, what is 9c + -115?
-79
In base 13, what is -64c - 1c?
-66b
In base 3, what is -1112 - -110020?
101201
In base 8, what is 2447 + -105?
2342
In base 9, what is -1318 - 37?
-1356
In base 9, what is 5 + 17326?
17332
In base 9, what is -58472 - -4?
-58467
In base 11, what is 2611849 + 2?
2611850
In base 3, what is 101000020212002 + -1?
101000020212001
In base 14, what is -3d0 - 253?
-643
In base 4, what is -13323132 - -12?
-13323120
In base 16, what is 12 - 338?
-326
In base 10, what is 1197 - 19?
1178
In base 14, what is 1a61 - 1?
1a60
In base 7, what is 5 - 1514421?
-1514413
In base 3, what is -110100002110 + 2?
-110100002101
In base 10, what is 2 - -253523?
253525
In base 12, what is -117540 - 9?
-117549
In base 4, what is -11 - 1221331?
-1222002
In base 15, what is -25 + -247?
-26c
In base 7, what is 21 + 23366?
23420
In base 14, what is -5 - 59629?
-59630
In base 10, what is 184 + 345?
529
In base 15, what is 5 - 1939?
-1934
In base 13, what is -121 - -996?
875
In base 5, what is -2011 - 32243?
-34304
In base 6, what is -231 + -152231?
-152502
In base 8, what is 2315636 + -11?
2315625
In base 4, what is -132111 + -3?
-132120
In base 3, what is -1212112 - 1012?
-1220201
In base 14, what is 77bb + -3?
77b8
In base 15, what is 3 + 1484c?
14850
In base 8, what is -11 - 645127?
-645140
In base 11, what is 1396a0 - -1?
1396a1
In base 12, what is -5 + 468b?
4686
In base 4, what is -1232321111 - 2?
-1232321113
In base 12, what is 7 + -3772?
-3767
In base 4, what is -132102100 - 1?
-132102101
In base 16, what is -11f3 - -10?
-11e3
In base 9, what is 143 + 658?
812
In base 4, what is 3011 + 3120?
12131
In base 9, what is -6487 + -645?
-7243
In base 14, what is 629339 + -2?
629337
In base 15, what is -6 - 6b0d?
-6b14
In base 12, what is -13 - -44856?
44843
In base 8, what is -1 + 3151422?
3151421
In base 5, what is -2013321 + 2?
-2013314
In base 8, what is 7662 - 127?
7533
In base 7, what is -3601065 - 5?
-3601103
In base 10, what is 7656716 - -4?
7656720
In base 11, what is 40 + -7896?
-7856
In base 12, what is -176 + -877?
-a31
In base 11, what is -28794 - -20?
-28774
In base 16, what is 1f5 - 6b?
18a
In base 13, what is -137 + 3b3?
279
In base 3, what is 11012102002 - -10?
11012102012
In base 9, what is 104432 - 5?
104426
In base 16, what is 1a + 1308?
1322
In base 7, what is -11145 - 2?
-11150
In base 3, what is 12110012 + -22?
12102220
In base 10, what is -1522 - -17?
-1505
In base 4, what is -3133 - -20122?
10323
In base 7, what is -15 - -2661?
2643
In base 2, what is -110000 + -100000000010?
-100000110010
In base 5, what is 0 - -10202234?
10202234
In base 12, what is 509 - 0?
509
In base 10, what is -71 + 17536?
17465
In base 4, what is -1032 - -2010301?
2003203
In base 8, what is -154622 - -1?
-154621
In base 10, what is 3 + 77643?
77646
In base 2, what is -100100 + -1111011010111?
-1111011111011
In base 4, what is -122 - -33122?
33000
In base 8, what is 4005 + -666?
3117
In base 14, what is -3 + 9b5ab?
9b5a8
In base 8, what is 3 + 20240?
20243
In base 4, what is -132011023 - 13?
-132011102
In base 6, what is 2 - 42105321?
-42105315
In base 8, what is 124 - -175?
321
In base 9, what is 5 - -510682?
510687
In base 4, what is 3021 - 122023?
-113002
In base 5, what is 13320 - -3034?
21404
In base 12, what is 51 - -426?
477
In base 13, what is -9761b - -3?
-97618
In base 13, what is 9c + -94?
8
In base 4, what is -11 - 221223?
-221300
In base 12, what is -6b3 - -3?
-6b0
In base 13, what is -4ba89 + -5?
-4ba91
In base 7, what is -315131 + -4?
-315135
In base 15, what is c1 - 8b?
35
In base 8, what is -4 + 220207?
220203
In base 3, what is 1012102001 + 110?
1012102111
In base 7, what is 0 + -12403?
-12403
In base 7, what is -134302 - -3?
-134266
In base 8, what is -22352 - -1?
-22351
In base 5, what is -3413 - 104034?
-113002
In base 3, what is -2000121000 - 11?
-2000121011
In base 13, what is -a48a5 + -3?
-a48a8
In base 12, what is 1a - 16ba?
-16a0
In base 9, what is -10455 - 8?
-10464
In base 7, what is -12412 - -6?
-12403
In base 11, what is -a + -5535?
-5544
In base 12, what is 9620 + -5?
9617
In base 7, what is 15355 - 62?
15263
In base 7, what is 60 + 6310?
6400
In base 6, what is 3525124 - -5?
3525133
In base 2, what is -101111100 - -100010?
-101011010
In base 2, what is 100001111111 - -11011?
100010011010
In base 8, what is -13 + -614264?
-614277
In base 3, what is -101210020120 + 12?
-101210020101
In base 15, what is -5 + 141638?
141633
In base 7, what is 124544 - 4?
124540
In base 3, what is 2 - 110212200220?
-110212200211
In base 9, what is 4 - 30667?
-30663
In base 16, what is -e2 - 4a4?
-586
In base 4, what is -2 + -30332?
-31000
In base 10, what is 307966 - -1?
307967
In base 9, what is 2 - -75416?
75418
In base 12, what is -5 - 495505?
-49550a
In base 10, what is -258 - -192?
-66
In base 6, what is 2205 - -33441?
40050
In base 12, what is b - -9b7?
a06
In base 12, what is -5 + -18007?
-18010
In base 9, what is -4 - -5527?
5523
In base 15, what is c17c - 3?
c179
In base 3, what is 1012 - 22112002?
-22110220
In base 9, what is 42 - 267?
-225
In base 4, what is 10233020103 - 3?
10233020100
In base 13, what is -30 - -718?
6b8
In base 9, what is 4 - -2571514?
2571518
In base 3, what is -10011222100 - -21?
-10011222002
In base 15, what is -5 + -3555?
-355a
In base 8, what is -225 - 3?
-230
In base 12, what is 122 - 376?
-254
In base 12, what is -28a9 + 15b?
-274a
In base 14, what is c3 + -2766?
-2683
In base 8, what is 603 + -3142?
-2337
In base 16, what is 60a - 7?
603
In base 16, what is 7 + 44cec?
44cf3
In base 5, what is 34230 - 132?
34043
In base 9, what is -5302 - 2?
-5304
In base 4, what is -232 + -20213?
-21111
In base 15, what is 1 + b490?
b491
In base 7, what is -3625 + -34?
-3662
In base 3, what is 11110011002 + -10?
11110010222
In base 13, what is -93b32 - 5?
-93b37
In base 14, what is -d + 39a1?
3992
In base 8, what is -300726 - -21?
-300705
In base 5, what is -300 + 242144?
241344
In base 16, what is -19d + -ba?
-257
In base 14, what is 274 - 7?
26b
In base 4, what is -2120223 + -22002?
-2202231
In base 5, what is -31330 + 343?
-30432
In base 10, what is -15 + 72434?
72419
In base 7, what is -6 - -5245?
5236
In base 13, what is 9464 + -89?
93a8
In base 3, what is -102120112 - -22000?
-102021112
In base 4, what is -121 + -301?
-1022
In base 6, what is 143432 + 4?
143440
In base 3, what is 12020110 - -201122?
12222002
In base 10, what is -1703963 - -4?
-1703959
In base 3, what is -10001 + -121002?
-201010
In base 5, what is -133303 - 0?
-133303
In base 8, what is -2222 - -2?
-2220
In base 13, what is 6b + 84?
122
In base 3, what is 2002100021 + 102?
2002100200
In base 12, what is -3 - -1bb033?
1bb030
In base 8, what is -7131 + -26?
-7157
In base 15, what is 1 - a455?
-a454
In base 12, what is -2 + -37562?
-37564
In base 7, what is -12534625 + 4?
-12534621
In base 2, what is -1000011101111100 - -11110?
-1000011101011110
In base 14, what is 1d29b - -2?
1d29d
In base 3, what is 2220200 - -11?
2220211
In base 15, what is 736 + 665?
d9b
In base 16, what is 2ca93 - 9?
2ca8a
In base 11, what is -3 + 10aa?
10a7
In base 15, what is -8e - -216?
177
In base 9, what is 5 + -364567?
-364562
In base 5, what is 320 + -1101?
-231
In base 6, what is 304113 - -53?
304210
In base 14, what is c43 + 1c?
c61
In base 2, what is 10101 + -1010000101101?
-1010000011000
In base 11, what is -1505631 - -5?
-1505627
In base 5, what is 31 - 2224123?
-2224042
In base 10, what is -6540 - 234?
-6774
In base 3, what is -1211112 + 11110?
-1200002
In base 16, what is 1fe39 + 3?
1fe3c
In base 4, what is 11 + -2010220?
-2010203
In base 15, what is 10 + 6a3?
6b3
In base 2, what is 101 - 10001010101000000111?
-10001010101000000010
In base 12, what is b6b - -639?
15a8
In base 3, what is 1212 + 101102?
110021
In base 7, what is -145515 - -32?
-145453
In base 12, what is -2037 + 21?
-2016
In base 9, what is 2 + -72638?
-72636
In base 11, what is -59203 + -2?
-59205
In base 14, what is -41d11 - 0?
-41d11
In base 12, what is 5960 - 6?
5956
In base 3, what is -110220021 + -10?
-110220101
In b